{"id":1137,"date":"2016-08-31T10:17:10","date_gmt":"2016-08-31T10:17:10","guid":{"rendered":"http:\/\/ccaal.dfki.de\/wordpress\/home\/?page_id=1137"},"modified":"2023-11-20T13:42:28","modified_gmt":"2023-11-20T13:42:28","slug":"facilities","status":"publish","type":"page","link":"https:\/\/ccaal.dfki.de\/de\/facilities","title":{"rendered":"Installationen"},"content":{"rendered":"<p><strong>BAALL<\/strong><br \/>\nDas Bremen Ambient Assisted Living Lab ist eine alters- und behindertengerechte Wohnung. Auf 60 m\u00b2 ist eine entsprechende Wohnsituation geschaffen worden, die f\u00fcr ein Probewohnen f\u00fcr zwei Personen ausgelegt ist. Das Ganze befindet sich in den Projektr\u00e4umen des Forschungsbereiches &#8222;Cyber-Physical Systems&#8220; des Deutschen Forschungszentrums f\u00fcr K\u00fcnstliche Intelligenz am Standort Bremen im Cartesium. Entwickelt wurde das BAALL in Kooperation mit der Universit\u00e4t Bremen im EU-Projekt SHARE-it sowie im SFB\/TR8 Spatial Cognition der Deutschen Forschungsgemeinschaft (DFG). Weitere Informationen: http:\/\/www.baall.net.<br \/>\n<a href=\"http:\/\/ccaal.dfki.de\/wordpress\/wp-content\/uploads\/2016\/08\/baall-apartment-1.jpg\"><img loading=\"lazy\" decoding=\"async\" class=\"alignnone size-full wp-image-1149\" src=\"http:\/\/ccaal.dfki.de\/wordpress\/wp-content\/uploads\/2016\/08\/baall-apartment-1.jpg\" alt=\"baall-apartment\" width=\"670\" height=\"223\" srcset=\"https:\/\/ccaal.dfki.de\/wordpress\/wp-content\/uploads\/2016\/08\/baall-apartment-1.jpg 670w, https:\/\/ccaal.dfki.de\/wordpress\/wp-content\/uploads\/2016\/08\/baall-apartment-1-300x100.jpg 300w, https:\/\/ccaal.dfki.de\/wordpress\/wp-content\/uploads\/2016\/08\/baall-apartment-1-624x208.jpg 624w\" sizes=\"auto, (max-width: 670px) 100vw, 670px\" \/><\/a><\/p>\n<hr \/>\n<p class=\"p1\"><strong><span class=\"s1\">Smart Kitchen<\/span><\/strong><\/p>\n<p class=\"p2\"><span class=\"s1\">Das &#8222;Smart Kitchen&#8220; ist eine vollst\u00e4ndig ausgestattete K\u00fcche, in der zahlreiche Technologien eingesetzt wurden wie ISO\/IEC 24752 URC, Siemens Serve@Home, Enocean, RFID &amp; Kinect.\u00a0 Wir nutzen diese Installation, um die multimodale Interaktion mit intelligenten Umgebungen zu entwickeln und zu testen. Au\u00dferdem werden Aktivit\u00e4ten des t\u00e4glichen Lebens aufgenommen und kommentiert. Zahlreiche Projekte haben zum &#8222;Smart Kitchen&#8220; beigetragen, ganz besonders die Projekte i2home, SemProm, SensHome &amp; VITAL.<\/span><\/p>\n<p class=\"p2\"><a href=\"http:\/\/ccaal.dfki.de\/wordpress\/wp-content\/uploads\/2016\/08\/smart-kitchen.jpg\"><img loading=\"lazy\" decoding=\"async\" class=\"alignnone size-full wp-image-1145\" src=\"http:\/\/ccaal.dfki.de\/wordpress\/wp-content\/uploads\/2016\/08\/smart-kitchen.jpg\" alt=\"smart-kitchen\" width=\"670\" height=\"463\" srcset=\"https:\/\/ccaal.dfki.de\/wordpress\/wp-content\/uploads\/2016\/08\/smart-kitchen.jpg 670w, https:\/\/ccaal.dfki.de\/wordpress\/wp-content\/uploads\/2016\/08\/smart-kitchen-300x207.jpg 300w, https:\/\/ccaal.dfki.de\/wordpress\/wp-content\/uploads\/2016\/08\/smart-kitchen-624x431.jpg 624w\" sizes=\"auto, (max-width: 670px) 100vw, 670px\" \/><\/a><\/p>\n","protected":false},"excerpt":{"rendered":"<p>BAALL Das Bremen Ambient Assisted Living Lab ist eine alters- und behindertengerechte Wohnung. Auf 60 m\u00b2 ist eine entsprechende Wohnsituation geschaffen worden, die f\u00fcr ein Probewohnen f\u00fcr zwei Personen ausgelegt&#8230; <a href=\"https:\/\/ccaal.dfki.de\/de\/facilities\">Read more &raquo;<\/a><\/p>\n","protected":false},"author":5,"featured_media":0,"parent":0,"menu_order":0,"comment_status":"closed","ping_status":"closed","template":"","meta":{"footnotes":""},"class_list":["post-1137","page","type-page","status-publish","hentry"],"translation":{"provider":"WPGlobus","version":"3.0.2","language":"de","enabled_languages":["en","de"],"languages":{"en":{"title":true,"content":true,"excerpt":false},"de":{"title":true,"content":true,"excerpt":false}}},"_links":{"self":[{"href":"https:\/\/ccaal.dfki.de\/de\/wp-json\/wp\/v2\/pages\/1137","targetHints":{"allow":["GET"]}}],"collection":[{"href":"https:\/\/ccaal.dfki.de\/de\/wp-json\/wp\/v2\/pages"}],"about":[{"href":"https:\/\/ccaal.dfki.de\/de\/wp-json\/wp\/v2\/types\/page"}],"author":[{"embeddable":true,"href":"https:\/\/ccaal.dfki.de\/de\/wp-json\/wp\/v2\/users\/5"}],"replies":[{"embeddable":true,"href":"https:\/\/ccaal.dfki.de\/de\/wp-json\/wp\/v2\/comments?post=1137"}],"version-history":[{"count":2,"href":"https:\/\/ccaal.dfki.de\/de\/wp-json\/wp\/v2\/pages\/1137\/revisions"}],"predecessor-version":[{"id":3313,"href":"https:\/\/ccaal.dfki.de\/de\/wp-json\/wp\/v2\/pages\/1137\/revisions\/3313"}],"wp:attachment":[{"href":"https:\/\/ccaal.dfki.de\/de\/wp-json\/wp\/v2\/media?parent=1137"}],"curies":[{"name":"wp","href":"https:\/\/api.w.org\/{rel}","templated":true}]}}

<p><strong>BAALL</strong><br />
Das Bremen Ambient Assisted Living Lab ist eine alters- und behindertengerechte Wohnung. Auf 60 m² ist eine entsprechende Wohnsituation geschaffen worden, die für ein Probewohnen für zwei Personen ausgelegt ist. Das Ganze befindet sich in den Projekträumen des Forschungsbereiches &#8222;Cyber-Physical Systems&#8220; des Deutschen Forschungszentrums für Künstliche Intelligenz am Standort Bremen im Cartesium. Entwickelt wurde das BAALL in Kooperation mit der Universität Bremen im EU-Projekt SHARE-it sowie im SFB/TR8 Spatial Cognition der Deutschen Forschungsgemeinschaft (DFG). Weitere Informationen: http://www.baall.net.<br />
<a href="http://ccaal.dfki.de/wordpress/wp-content/uploads/2016/08/baall-apartment-1.jpg"><img loading="lazy" decoding="async" class="alignnone size-full wp-image-1149" src="http://ccaal.dfki.de/wordpress/wp-content/uploads/2016/08/baall-apartment-1.jpg" alt="baall-apartment" width="670" height="223" srcset="https://ccaal.dfki.de/wordpress/wp-content/uploads/2016/08/baall-apartment-1.jpg 670w, https://ccaal.dfki.de/wordpress/wp-content/uploads/2016/08/baall-apartment-1-300x100.jpg 300w, https://ccaal.dfki.de/wordpress/wp-content/uploads/2016/08/baall-apartment-1-624x208.jpg 624w" sizes="auto, (max-width: 670px) 100vw, 670px" /></a></p>
<hr />
<p class="p1"><strong><span class="s1">Smart Kitchen</span></strong></p>
<p class="p2"><span class="s1">Das &#8222;Smart Kitchen&#8220; ist eine vollständig ausgestattete Küche, in der zahlreiche Technologien eingesetzt wurden wie ISO/IEC 24752 URC, Siemens Serve@Home, Enocean, RFID &amp; Kinect.  Wir nutzen diese Installation, um die multimodale Interaktion mit intelligenten Umgebungen zu entwickeln und zu testen. Außerdem werden Aktivitäten des täglichen Lebens aufgenommen und kommentiert. Zahlreiche Projekte haben zum &#8222;Smart Kitchen&#8220; beigetragen, ganz besonders die Projekte i2home, SemProm, SensHome &amp; VITAL.</span></p>
<p class="p2"><a href="http://ccaal.dfki.de/wordpress/wp-content/uploads/2016/08/smart-kitchen.jpg"><img loading="lazy" decoding="async" class="alignnone size-full wp-image-1145" src="http://ccaal.dfki.de/wordpress/wp-content/uploads/2016/08/smart-kitchen.jpg" alt="smart-kitchen" width="670" height="463" srcset="https://ccaal.dfki.de/wordpress/wp-content/uploads/2016/08/smart-kitchen.jpg 670w, https://ccaal.dfki.de/wordpress/wp-content/uploads/2016/08/smart-kitchen-300x207.jpg 300w, https://ccaal.dfki.de/wordpress/wp-content/uploads/2016/08/smart-kitchen-624x431.jpg 624w" sizes="auto, (max-width: 670px) 100vw, 670px" /></a></p>

<p>BAALL Das Bremen Ambient Assisted Living Lab ist eine alters- und behindertengerechte Wohnung. Auf 60 m² ist eine entsprechende Wohnsituation geschaffen worden, die für ein Probewohnen für zwei Personen ausgelegt&#8230; <a href="https://ccaal.dfki.de/de/facilities">Read more &raquo;</a></p>
